, what is 112 - 10011000200?
-10011000011
In base 9, what is -2 - 58030?
-58032
In base 10, what is 5 + -3694067?
-3694062
In base 8, what is -12 - -371620?
371606
In base 2, what is -1 + 10010001100100101010?
10010001100100101001
In base 7, what is 20001151 + 1?
20001152
In base 13, what is 214911 + -311?
214600
In base 13, what is -732 - 268c2?
-27324
In base 15, what is -18ad0a2 + 5?
-18ad09c
In base 16, what is 24359 - -478?
247d1
In base 3, what is -20200010122 + 120211?
-20122112211
In base 10, what is 202 + -25954?
-25752
In base 13, what is -1161 + 2033a?
1c1a9
In base 6, what is -31 - 5053143?
-5053214
In base 4, what is 113100 - 1213131?
-1100031
In base 3, what is -10 + -10100100120220?
-10100100121000
In base 4, what is 202 - 1122010131?
-1122003323
In base 14, what is 1c0 + -2600?
-2420
In base 11, what is -2 + 15036a0?
1503699
In base 10, what is 628 - -4769?
5397
In base 14, what is -81 + 6146a?
613c9
In base 9, what is -5 - 2425572?
-2425577
In base 6, what is -4051232044 + -13?
-4051232101
In base 16, what is -326 - -1fe88?
1fb62
In base 11, what is -73471 + -3?
-73474
In base 7, what is 232 - -21112323?
21112555
In base 7, what is -3645366 + -34?
-3645433
In base 5, what is 1343 - -124332322?
124334220
In base 11, what is -460695a1 - 1?
-460695a2
In base 15, what is -18 - 2a2d198?
-2a2d1b1
In base 3, what is 1102002211201 - 12?
1102002211112
In base 3, what is -201111021200222 - -2002?
-201111021121220
In base 7, what is 305 + -42511?
-42203
In base 2, what is -1101 - -101000110100011110011?
101000110100011100110
In base 15, what is -4 + 4da050?
4da04b
In base 4, what is -21231111113003 - -11?
-21231111112332
In base 13, what is 1 - -193504?
193505
In base 11, what is 458 + -500531?
-500084
In base 8, what is -5113 - -13603?
6470
In base 3, what is -1010012 - -2002100220110?
2002022210021
In base 6, what is 254 + 202255?
202553
In base 14, what is bb6 + -151dc?
-14426
In base 5, what is -3400 + -3202211?
-3211111
In base 9, what is 124 + -341746?
-341622
In base 14, what is 6c3b5 + 2?
6c3b7
In base 14, what is -1 - -5009443?
5009442
In base 7, what is 526362 - -414?
530106
In base 6, what is 14244053 + 101?
14244154
In base 7, what is 42 + -1542462?
-1542420
In base 13, what is 3 + -15148a72?
-15148a6c
In base 12, what is -4 - 2b1b8737?
-2b1b873b
In base 10, what is 1858 + 78925?
80783
In base 10, what is 48 - -15933367?
15933415
In base 6, what is 1122411 - 15404?
1103003
In base 4, what is 100231312110 - -10?
100231312120
In base 7, what is -2504353 - 15?
-2504401
In base 3, what is -102000 + -11220212022?
-11221021022
In base 13, what is 9a1c353 + 4?
9a1c357
In base 3, what is 10022111222 - -12202?
10022201201
In base 12, what is 468a + -482?
4208
In base 8, what is 1757 + 723335?
725314
In base 9, what is 25586 + -1502?
24084
In base 14, what is 13b - dd14?
-dbb7
In base 14, what is 4 + -3d68c93?
-3d68c8d
In base 4, what is -2 - 31120023120?
-31120023122
In base 7, what is -36166430 - 121?
-36166551
In base 12, what is 16821409 + -5?
16821404
In base 5, what is -333 - 3121430?
-3122313
In base 16, what is 1ad8d7 + -d?
1ad8ca
In base 8, what is 1241441 - -133?
1241574
In base 14, what is -19d68 - -473?
-198d5
In base 8, what is 25471075 + -74?
25471001
In base 15, what is a11c3 - -75?
a1248
In base 13, what is 4 + 15a69331?
15a69335
In base 6, what is 3335211445 + -2?
3335211443
In base 2, what is -100011100111110111 - 11010100110?
-100100000010011101
In base 11, what is -11773552 - -4?
-11773549
In base 2, what is 1010011111110 + -1011101000011?
-1001000101
In base 16, what is 7ca7d5 + -9?
7ca7cc
In base 8, what is 4614 - 70075?
-63261
In base 7, what is 14 + 20215?
20232
In base 16, what is 1302 + -25b?
10a7
In base 12, what is -41 + 120794?
120753
In base 11, what is -2500 + -a491?
-11991
In base 16, what is 101e781 - 5?
101e77c
In base 14, what is -20db19 - -10?
-20db09
In base 4, what is 213211223303111 - -11?
213211223303122
In base 9, what is 27 - 16360042?
-16360014
In base 12, what is -a0255 - 71?
-a0306
In base 2, what is -110100 + 1010010101100011110?
1010010101011101010
In base 4, what is 2 + 2220123323?
2220123331
In base 6, what is 54314205 - -3?
54314212
In base 14, what is 4c - -41966?
419b4
In base 4, what is 2031 - -1123310233?
1123312330
In base 4, what is 0 + -122123333232?
-122123333232
In base 15, what is -ede44c + -2?
-ede44e
In base 9, what is -674 - -4081402?
4080617
In base 11, what is -1 + 993981?
993980
In base 5, what is -33312030 - 313?
-33312343
In base 10, what is 423282 + 74?
423356
In base 11, what is 28985469 - -3?
28985471
In base 6, what is 1440224 + -4003?
1432221
In base 10, what is -1 - -20979414?
20979413
In base 7, what is -435134645 + 2?
-435134643
In base 15, what is 2 + -ca184?
-ca182
In base 5, what is -21144 - -1004032?
432333
In base 8, what is 1233735 + -346?
1233367
In base 11, what is 50078713 + -5?
50078709
In base 4, what is 10 - -10110012001201?
10110012001211
In base 5, what is -134 - -313232024?
313231340
In base 14, what is 16501a3 + -2?
16501a1
In base 15, what is -3dca27 + -25?
-3dca4c
In base 8, what is -14 + -7646332?
-7646346
In base 16, what is -6ca02 - 55?
-6ca57
In base 7, what is 152 - 412261?
-412106
In base 14, what is -843d71 - -57?
-843d18
In base 4, what is 30330132202 - 1001?
30330131201
In base 13, what is -178 + 1b4723?
1b4578
In base 9, what is -1 - -10778663?
10778662
In base 8, what is 341316 - -43?
341361
In base 16, what is 50f1 - 18c?
4f65
In base 4, what is -1021031032 + -1232?
-1021032330
In base 14, what is 616 + -c85d?
-c247
In base 2, what is -10011001001001 - -110110100000?
-1100010101001
In base 11, what is 2413515 - -23?
2413538
In base 11, what is -1723 + 4327?
2704
In base 13, what is -117ac457 + -5?
-117ac45c
In base 15, what is b597ea + -6?
b597e4
In base 2, what is -111111 - -10011000001110010000?
10011000001101010001
In base 6, what is -23150512 - -15?
-23150453
In base 4, what is 132020 + 31310001?
32102021
In base 2, what is 11001101010111010110 - -111100?
11001101011000010010
In base 2, what is -1000100101001 - 1100010011010?
-10100111000011
In base 16, what is 3db74 - 1b?
3db59
In base 7, what is -162 + -45110012?
-45110204
In base 15, what is 991a76e - -5?
991a774
In base 2, what is -10000110101111011010111011 + 101000?
-10000110101111011010010011
In base 13, what is -10c1085b2 - -5?
-10c1085aa
In base 10, what is 296511698 + -4?
296511694
In base 9, what is 8320665 + -113?
8320552
In base 14, what is -869 - 12cd4?
-1375d
In base 6, what is 3 - -2025151333?
2025151340
In base 12, what is 652 + 497851?
4982a3
In base 14, what is 39ab + 7683?
b250
In base 12, what is -9 - -a27743?
a27736
In base 5, what is -104313243 + 0?
-104313243
In base 13, what is 38265ab + -4?
38265a7
In base 3, what is 1 + -1102022020011000?
-1102022020010222
In base 3, what is 22021022 + -1022101002?
-1000002210
In base 13, what is 2 - -5647a2c?
5647a31
In base 10, what is -3945 - -10156?
6211
In base 2, what is -10111110100101010111 + -10?
-10111110100101011001
In base 7, what is 25330555 - -30?
25330615
In base 12, what is -15a013 - 21?
-15a034
In base 14, what is 2 - 176700?
-1766dc
In base 2, what is 110000011000011010010 + -10011?
110000011000010111111
In base 15, what is 3 + -a754671?
-a75466d
In base 13, what is 2 + -131027?
-131025
In base 9, what is -21724572 - -4?
-21724567
In base 7, what is 26405 + -41206?
-11501
In base 7, what is -2 + 12150126?
12150124
In base 5, what is -4 - -122202420?
122202411
In base 2, what is 1 + -10101110010110011001?
-10101110010110011000
In base 9, what is 12 + 2053741?
2053753
In base 4, what is -13220013 + -201233?
-20021312
In base 13, what is 2cb2 + -433?
287c
In base 11, what is -1728a - 530?
-1780a
In base 7, what is 2 + -1106451451?
-1106451446
In base 15, what is 1791e - 7?
17917
In base 9, what is -3010731 - 1070?
-3011811
In base 14, what is 3 + 2982d?
29832
In base 9, what is 1624011 + -415?
1623485
In base 11, what is 22a82373 - -4?
22a82377
In base 4, what is -12 + 10120131002323?
10120131002311
In base 2, what is 100011110011101101 + 111010110?
100011111011000011
In base 8, what is 10003661 - -2?
10003663
In base 5, what is 1141 - 12301230?
-12300034
In base 4, what is -133 + 21311123232?
2131